f?
7
Let w be 1/((48/584)/(-6)). Suppose -4*b = -5*b + 239. Let q = w + b. What is the hundreds digit of q?
1
Let i = 864 - -1429. What is the tens digit of i?
9
Let c = 36 + -34. Suppose 5*j - 2950 = -4*k, -590 = -0*j - j + c*k. Suppose 5*r + 3*h - j = 0, 0 = 5*r + 4*h - 28 - 557. What is the hundreds digit of r?
1
Suppose y = 3*x + 604 + 11247, -4*x = -y + 11846. What is the hundreds digit of y?
8
Suppose -27*q + 69302 = -317527. What is the thousands digit of q?
4
Let p = -4158 - -1719. Let c = -1089 - p. What is the units digit of c?
0
Let j(m) = -11*m**3 + 35*m**2 - 31*m - 85. Let r(s) = 5*s**3 - 17*s**2 + 16*s + 42. Let y(w) = 4*j(w) + 9*r(w). What is the tens digit of y(11)?
1
Suppose 15*h - 215526 = -2*h. What is the tens digit of h?
7
Let y(o) = 3*o - 88. Let f be y(28). What is the units digit of 374 + (3 - (5 + f + 0))?
6
Let u be 8444/22 + (-14)/(-77). Suppose 2*o = -f + 78, -f + u = 4*f + 4*o. What is the tens digit of f?
7
Suppose -2*n + 12641 + 82411 = -5*x, 0 = -5*x - 10. What is the tens digit of n?
2
Let x = -2888 + 2602. Suppose -1224 = -4*z + 400. Let y = z + x. What is the hundreds digit of y?
1
Let k = -18 + 20. Let l be k/1*(-5)/(-2). Suppose 2*f = -2*h + 54 + 26, -l*h = -f - 224. What is the units digit of h?
4
Let h(b) = 6*b**3 + 6*b**2 - 11*b - 16. Let n(v) = -5*v**3 - 6*v**2 + 8*v + 16. Let z(s) = -2*h(s) - 3*n(s). What is the tens digit of z(6)?
3
Let h(l) = l**3 - l**2 + 1. Let k(w) = 3*w**3 - 9*w**2 + 14*w - 5. Let r(v) = -h(v) + k(v). What is the hundreds digit of r(7)?
3
Let v(c) = 2*c + 9. Let d be v(-4). Let b be (272 - d) + (3 + -9 - -9). Suppose 0 = -g - 3 + 5, -g + b = 4*p. What is the tens digit of p?
6
Suppose a = o - 4, -2 = 4*o - 0*o + 5*a. Suppose 20 = y - 6*y, 0 = 5*z + 2*y - 17. Suppose -o*v = -5*v - 15, -z*k = v - 215. What is the units digit of k?
4
Let s = 6866 + 114. What is the tens digit of s?
8
Suppose -h = 4*t - 16300, 125*t + 20375 = 130*t + 5*h. What is the units digit of t?
5
Let k = 17177 - 7759. What is the tens digit of k?
1
Suppose -1045 = 4*a + 5*g, -a - 505 = a - g. Let j = 70 - a. What is the hundreds digit of j?
3
Suppose -10*u = 4702 - 32802. What is the hundreds digit of u?
8
What is the ten thousands digit of -1*3*(-1541850)/342 + 8?
1
Let q be 1/(-4)*-3*172. Suppose 29*r = 23*r + 30. Suppose r*t - q = -14. What is the units digit of t?
3
Suppose 105656 = 3*x + 2*r, 32*r - 33*r + 140878 = 4*x. What is the thousands digit of x?
5
What is the units digit of (-5*40)/((-48)/216)?
0
Let v(l) = l - 26. Let c be v(17). What is the tens digit of (84/70)/(c/(-2190))?
9
Let u be 0 - (-2 - -3)*-2. What is the hundreds digit of ((-607)/u)/(-5 - (-45)/10)?
6
Let r(j) = -6*j + 10. Let t(b) = 6*b + 6. Let v(s) = -7*s - 7. Let p(g) = -6*t(g) - 5*v(g). Let o(n) = 3*p(n) - r(n). What is the units digit of o(10)?
7
Let h = 25137 + -2238. What is the ten thousands digit of h?
2
Suppose -m - 2*c + 2162 = -1345, -c = m - 3503. What is the tens digit of m?
9
Let k be 9/(8 - -1) + 2. Suppose -i - 2*l + 5*l + 6 = 0, 2*i - 1 = -5*l. Suppose -2*c + 64 = -i*p, c - k*p - 99 = -2*c. What is the units digit of c?
5
Suppose 2*v - 28840 = -2*k, -82*v = -83*v + 4*k + 14450. What is the thousands digit of v?
4
Let r(c) = 3*c**2 - 2 + 2*c - 2054*c**3 + 1763*c**3 - 7*c + 2*c. What is the hundreds digit of r(-1)?
2
Suppose b = -r + 4816, 5245 + 4403 = 2*b + 4*r. What is the thousands digit of b?
4
Let z = 150 + -76. Suppose n = -47 - z. Let o = n + 233. What is the tens digit of o?
1
Let a = 10829 - -4316. What is the ten thousands digit of a?
1
Suppose -82707 - 90981 = -10*r - 6188. What is the units digit of r?
0
Suppose 5*p - 103 = -8. Let u(n) = 1 + 17*n**2 - 5 - 18*n**2 + p*n - 12. What is the units digit of u(12)?
8
Let p(d) = -d**3 + 46*d**2 + 66*d + 275. What is the units digit of p(47)?
8
Let q(b) = 60*b**3 + 15*b**2 - 72*b + 2. What is the hundreds digit of q(4)?
7
Let a be 4169/11 + (4 - 2). Suppose a = 12*t - 1131. What is the tens digit of t?
2
Let l(k) = -3*k**3 - 6*k**2 + 8*k + 27. Suppose 0 = 9*a + 98 - 53. What is the units digit of l(a)?
2
Let f = 120 + -79. Let i = 179 + f. What is the tens digit of i?
2
Let s be 1880/85 - (8/68 - 0). Suppose 3*a + m - 59 = 0, 3*a + 4*m - 8*m = 34. Suppose -s*k + a*k = -208. What is the units digit of k?
2
Let p = 35 + -52. Let a be (-179 + (2 - 0))*(-17)/p. Let h = a - -269. What is the units digit of h?
2
Let n(q) = q**3 - 9*q**2 + q - 1. Let a be n(9). Let j be -4 + 7 - -5*a. Let w = j - 18. What is the units digit of w?
5
Suppose -u + 3 = -16. Suppose -33*w + 32*w = u. Let z = 126 + w. What is the hundreds digit of z?
1
Suppose 0 = 3*p - 3*z + 15, p - 4*p - 5*z + 9 = 0. Suppose 2*r + 32 = 40. What is the units digit of -2 - (-80 + p + r)?
6
Let j = -15 - -35. Let z(n) = 43 + 59*n - 25 + 22*n - j. What is the units digit of z(1)?
9
Let f(v) = v**3 - 15*v**2 + 20*v + 20. Let h(n) = n**2 - 4*n + 2. Let b be h(6). What is the tens digit of f(b)?
0
What is the units digit of (55/(-60) - (-7)/42)*-109280?
0
Suppose -5*c - 7388 = 332*j - 335*j, 4*c + 4 = 0. What is the thousands digit of j?
2
Suppose -129 - 43 = -4*d. Suppose -d = -6*l + 23. Suppose -2*v = -l - 205. What is the hundreds digit of v?
1
Suppose -3*q - 21555 = 126*t - 127*t, -3*q = 4*t - 86205. What is the ten thousands digit of t?
2
Suppose 0 = 83*l - 57*l - 182. Suppose 0 = -5*i - 2 + l, -51 = -4*a + i. What is the units digit of a?
3
Let j(g) = g**3 + 86*g**2 + 141*g + 154. What is the units digit of j(-74)?
2
What is the thousands digit of -2*((-3)/9*4081 - 165/99)?
2
Let d(h) = 19*h + 882. What is the tens digit of d(-13)?
3
Let n(b) = b**2 + 7*b. Let j be n(10). Let i = -90 - j. Let k = -154 - i. What is the units digit of k?
6
Let c = 21096 - 10630. What is the tens digit of c?
6
Let l be -1826*(9/(-12) - -1)*-2. What is the hundreds digit of (11 + l)/6 - (-1 - -1)?
1
Let x(y) = y**2 - 2*y + 134. Let a be x(26). Suppose 3*u + 576 = 3*f, -3*f + 2*u + a = f. What is the hundreds digit of f?
1
Suppose u - o + 18 = -4*u, 2*o = u + 9. Let q be 3 + (u - (-76)/(-1)). Let w = q + 233. What is the units digit of w?
7
Suppose -27 + 18 = -3*o. What is the tens digit of (9198/8)/o + (-8)/32?
8
Let i(c) = 12041*c**2 - 87*c - 163. What is the thousands digit of i(-2)?
8
Suppose 4*a - 16196 = -4*i, -40*i + a = -38*i - 8098. What is the tens digit of i?
4
Let s be -3 + 2 - -3 - (-4 - -5). Let a be ((-154)/(-33))/((-15)/(-9) - s). Let w(i) = 5*i + 8. What is the units digit of w(a)?
3
Suppose 3*j - 3*o - 82 - 41 = 0, 3*j = -4*o + 88. Suppose -3*v - j = -w + 246, v = -3*w + 846. What is the units digit of w?
2
Suppose -2*j - 1093 + 6409 = f, 0 = -f. Suppose -17*p = -9628 + j. What is the tens digit of p?
1
Let o(q) = 1930*q**2 + 60*q + 15. What is the tens digit of o(-6)?
3
Let g = 44630 + -25432. What is the ten thousands digit of g?
1
Let f(m) = -m**3 - 3*m**2 - m. Let z be f(-3). Suppose 191 = z*x + 50. Suppose -48*o + 214 = -x*o. What is the units digit of o?
4
Let b be (3 - 68/(-6))/((-1)/(-15)). Let h be 4 - (3 - 2) - -3. Suppose -h*a - b = -11*a. What is the tens digit of a?
4
Suppose 0*l + b = -4*l, 5*l = -4*b. What is the units digit of 132 + 24 + (-1)/(l - -1)?
5
Let m(w) = -3*w + w - w**3 - 6*w**2 + 6*w**2. Let n be m(0). What is the units digit of (n - -22)*(-3)/(-6)?
1
What is the tens digit of (51894/36)/((-9)/(-6))?
6
Suppose 4268 + 9766 = 13*z - 7338. What is the tens digit of z?
4
Suppose 7*f - 1530 - 1592 = 0. Let v = -167 + f. What is the tens digit of v?
7
Let i(s) = 51*s**3 + 5*s - 5. Let g(n) = 2*n**2 - 4*n + 4. Let v be g(1). What is the units digit of i(v)?
3
Suppose -u = 60 + 113. Let r = 272 + u. What is the units digit of r?
9
Suppose 20*w = 22*w - 1728. Suppose -3*z = 4*i - w, -3*i = -z - 216 - 445. What is the tens digit of i?
1
Let p = -90 - -159. Suppose f - 288 = -2*x + p, -x + 2*f + 171 = 0. Let q = x - 92. What is the tens digit of q?
8
Suppose -271*a = -305*a + 117425 + 387169. What is the units digit of a?
1
Suppose 2*a + 15597 = 11*a. Let r = -863 + a. Suppose 10*j + r = 16*j. What is the units digit of j?
5
Let r = 26 + -275. Let i = 560 + r. What is the hundreds digit of i?
3
Suppose -5*g = 2*k - 869, 0 = -3*k + 5*g - 4*g + 1312. Let v = k - -145. What is the hundreds dig